). Determine y(8).
5
Let k = -9 + 7. Let t(m) be the first derivative of 3*m**2/2 + 3*m - 2. Calculate t(k).
-3
Suppose c = 3*m + 12, 0*m - 16 = 2*c + 4*m. Let q(r) be the first derivative of 1/4*r**4 + c*r**2 - r + 2 + 0*r**3. Give q(0).
-1
Let a(i) = 4*i**2 - 114 + 114 - i**3. Give a(4).
0
Let g(w) = 12 + 3*w - 3*w**2 - w**3 - 5*w - 10 + 8*w**2. Give g(5).
-8
Let b(a) be the third derivative of a**5/6 + a**4/24 + a**2. Let v be (-3)/(21/3 + -4). Calculate b(v).
9
Let c(y) = -3 - 8*y**2 - 3*y**3 + 4*y**2 - 1 + 6*y + 2*y**3. Let g be (6/(-10))/((-3)/15). Let v be ((-5)/(-3))/((-1)/g). Calculate c(v).
-9
Let c(j) = -16*j**2 + 1. Let m be (-10)/15*(-9)/(-6). What is c(m)?
-15
Let w(o) = -o**2 + 14*o + 8. Let p be w(15). Let u(d) = d**2 + 7*d + 3. What is u(p)?
3
Let p(w) = 3. Let d = -8 - -10. Suppose d*q = 3*y - 19, -5*q + 0*q = -2*y - 2. Let n(j) = j + 12. Let z(c) = y*p(c) - 2*n(c). Determine z(3).
-3
Let q(i) = 0*i**2 - 6*i + 0*i - 2*i**2 - 2 + i. Give q(-4).
-14
Let a(u) = 9*u**2 - u. Let y be 0 + 3/(-3 + 0). Calculate a(y).
10
Let k(h) be the first derivative of 3*h**2 + 3*h**2 - 2 - 4*h**2 - 3*h**2. Suppose 4 = -t + 6. What is k(t)?
-4
Suppose 0 = -2*v - 3*v - 15. Let h(z) = 2*z + z**3 + 3*z**2 - 3*z + 0*z. What is h(v)?
3
Suppose 3*c - 3 = 3, -5*n = -3*c - 4. Let x(a) = -1 + 2*a**2 + 7 - a**n + 7*a. Give x(-6).
0
Let i(b) = 7*b**2 + b. Let x(f) = -f**3 - 6*f**2 - 4*f + 4. Let u be x(-5). Give i(u).
6
Let h(c) = -6*c + 6 - 2*c**2 - 2*c**2 + c**3 + 0. Let l be h(5). Let u(z) = l + 0*z + 5*z + z**2 - 2. What is u(-5)?
-1
Let o(y) be the third derivative of y**9/60480 + y**6/144 - y**5/30 - 4*y**2. Let j(r) be the third derivative of o(r). Let d = 3 + -3. Determine j(d).
5
Let y(n) = -20*n. Suppose -28*i + 32*i = -4. What is y(i)?
20
Let i = -5 + 3. Let m be i*(0 + 0 + -1). Let v(g) = -m + 2*g - 3*g**2 + g - 2*g**2 + 6*g**2. Give v(-2).
-4
Let c = 1 + 2. Suppose 0 - 15 = c*k. Let w(l) = -l**2 - 5*l + 3. Determine w(k).
3
Let x(q) = -q**2 - 6*q - 1. Let y be (4 + -2)/2 + -5. Calculate x(y).
7
Let z = 4 + -3. Suppose q + z = 0, 0 = -3*m - 0*m + 2*q + 20. Suppose -m*d = -d. Let i(u) = u**2 - u + 6. What is i(d)?
6
Let m(z) be the third derivative of z**4/24 + 5*z**3/6 - 9*z**2. Calculate m(-8).
-3
Let a(f) = 2*f - 9. Let v be a(6). Let b(m) = 3*m**2 - 1 - m - m + v*m**2. Let p(h) = -3*h + 26. Let k be p(9). What is b(k)?
7
Let v(m) = 37*m**2 - 4*m + 9. Let n(k) = 19*k**2 - 2*k + 5. Let a(z) = 11*n(z) - 6*v(z). Give a(-1).
-14
Let u(r) = -r + 9. Let c be u(6). Let o(b) = 1 + 6*b - 2*b - 3*b - c*b**2. Suppose 0 = -4*q - 4. What is o(q)?
-3
Let z(c) be the second derivative of -c**4/12 - 3*c**3/2 - 3*c**2 + 9*c. Determine z(-9).
-6
Let h(a) = 1 + 1 + 4*a + a**2 - 3. Let k = 4 + -3. Let f be (-1 - (k + 2)) + 0. Calculate h(f).
-1
Let n(d) be the third derivative of d**4/24 - d**3/3 - 6*d**2. Give n(-2).
-4
Let h(j) = j - 3*j**2 - 4*j + 10*j**2 + 3 - 3*j**3. Suppose -9 = 6*o - 3*o. Let k(n) = -n**3 + 4*n**2 - 2*n + 2. Let r(u) = o*h(u) + 5*k(u). What is r(1)?
3
Suppose 15*r - 13*r - 2 = 0. Let c(d) be the second derivative of -d**3/3 + d**2/2 - d. Give c(r).
-1
Let w(f) be the second derivative of f + 1/2*f**2 - 1/3*f**3 + 0. Let s(h) = h**2 + 9*h + 20. Let u be s(-6). Determine w(u).
-3
Let r = 15 + -13. Let h(i) = -7*i. Give h(r).
-14
Let b = 6 + -4. Let a(m) = -6*m - b + 8 - 3. Give a(2).
-9
Let y(i) = -2*i**3 - 3*i**2 - 3*i - 1. Suppose -h = -9 - 5. Let j = 12 - h. Give y(j).
9
Suppose 3*w = 6*w - 9. Suppose s - 12 = -w*s + 5*r, -16 = 4*s + 2*r. Let o(m) = m**2 + m - 1. Determine o(s).
1
Let j(p) = -p**3 + 5*p**2 - 2*p - 7. Let t(l) = -l**3 + 5*l**2 - 2*l - 8. Let i(f) = -6*j(f) + 5*t(f). Give i(4).
-6
Let w(l) be the second derivative of -l**3/6 + l**2/2 - l. Let v(s) = 3*s + 4. Let r(m) = -v(m) + w(m). Calculate r(-2).
5
Let g = 47 + -52. Let f(m) = -m - 7. Calculate f(g).
-2
Let n(u) = u**3 + 3*u**2 + u. Let r = -2 + 4. Let m(j) = -j**2 + 3*j + 2. Let k be m(r). Suppose -4*d = 12, -k*t + 0*t = 2*d + 18. What is n(t)?
-3
Let b be (-106)/22 + 8/(-44). Let m be (0 + 2)*b/(-5). Let l(h) = -4*h - 1. Calculate l(m).
-9
Let m(n) = -3 + 0*n**3 - 5*n**3 - 3*n**2 + 4*n**3. Suppose 10*y = 9*y + 2. Suppose -3*q = 2*c, -2*c - 16 = 2*c - y*q. Determine m(c).
-3
Let k(n) be the first derivative of -n**3/3 - 3*n**2 + n - 59. Let v(m) = -m**3 - 6*m**2 - 4*m + 1. Let z be v(-5). Determine k(z).
9
Let k(w) be the first derivative of w**3/3 + 7*w**2/2 + 8*w - 4. Let n(i) = i. Let b be n(-6). Give k(b).
2
Suppose -4 = -2*s - 0. Let w(g) = 7*g**3 - 2*g**2 - 6*g + 4. Let a = 0 + -5. Let k(c) = -11*c**3 + 3*c**2 + 9*c - 6. Let p(f) = a*k(f) - 8*w(f). Give p(s).
0
Let x(v) = v. Suppose -4*r - s = -12, 5*r = -s - 2*s + 15. Suppose r*c = -0*c - 18. What is x(c)?
-6
Let x(b) be the second derivative of 1/20*b**5 - 3/2*b**2 + 5/12*b**4 + 0 - b + 1/3*b**3. What is x(-4)?
5
Let q(t) = 3*t**2 + 5 - 4 - 2*t**2 + 2*t**2 - 2*t. Give q(2).
9
Let j(m) = 5*m**2 + 4*m - 5*m + m. Let n be -2*(-2)/4 + 0. Determine j(n).
5
Let z(u) = -21 + 0*u + 0*u - 3*u. Let c(q) = 4*q + 31. Suppose -3*n = -12, 12 = -2*y - 2*y - 2*n. Let o(f) = y*c(f) - 7*z(f). What is o(4)?
-4
Let y be 14/((-7)/((-14)/4)). Let b = y + -5. Let o(q) = 1 + 2 + 0*q - b*q - 2. What is o(-4)?
9
Let z(v) be the third derivative of 0 - 1/2*v**3 + 3*v**2 + 1/12*v**4 - 1/60*v**5 + 0*v. Give z(3).
-6
Suppose 2*i = -2*x + 4, -3*i - 3 = x + 3. Let s(f) = f**3 - 5*f**2 - 6*f + 4. Give s(x).
4
Let v(x) = -x**2 - 3*x. Let h = 8 - 6. Let i be h/(58/(-20) + 3). Suppose -i + 8 = 3*m. Determine v(m).
-4
Let c = 6 - 4. Let h(d) = 3 - 1 + 2 - 3 + c*d. Determine h(-3).
-5
Let h(i) = -i - 3. Let m be h(-6). Let l(r) be the first derivative of -1/2*r**2 + 1/4*r**4 + 2 + r**m + 3*r. Give l(-3).
6
Suppose k = 4*r + 29, 0 = k - 2*k + 5*r + 34. Suppose 3*b = -k + 30. Let q(z) = z - b + z - z - 2. Give q(0).
-9
Let u(m) = -2*m - 2. Let d be 9/(-1)*(-4)/(-6). What is u(d)?
10
Let g be 4*35/10*1/2. Let z(y) = y**2 - 6*y - 1. What is z(g)?
6
Let t be ((-3)/1)/((-3)/2). Let g be -2*((-54)/4 - -3). Suppose -3*n + a = -t*a - g, -4*n - 4*a - 12 = 0. Let b(s) = s**3 - s - 2. Calculate b(n).
4
Let y(t) = -t + 3. Suppose 0 = u - 6*u + 2*f + 87, 0 = -u - 4*f + 35. Let n = u + -16. Determine y(n).
0
Suppose -m - 2 = -2*b, -b = -3*m + 10 - 1. Let d(z) = -2*z - 3. What is d(m)?
-11
Let v(z) = -2*z + 1. Let q(d) = -d**3 - 7*d**2 + d + 4. Let s be q(-7). Calculate v(s).
7
Let r(o) = -2 + 10 + o**2 - 6*o + 5 - 7. Let p be (1 + 1)/(4/10). Give r(p).
1
Let q(s) be the second derivative of -s**4/12 - s**3/2 - 3*s**2/2 + 6*s. What is q(-3)?
-3
Let v(z) = z**3 + 2*z**2 - 2*z - 1. Let n be v(-3). Let q(w) be the first derivative of -w**3/3 - 5*w**2/2 - 2*w + 9. Give q(n).
2
Let k(t) = 2*t**2 - 3*t + 1. Let c be k(2). Suppose 2*y - c = -1. Let g(o) = -o**2 + o - 1. Let w(h) = 5*h**2 - 5*h + 6. Let m(n) = 6*g(n) + w(n). Give m(y).
0
Let a(k) be the third derivative of k**5/60 + k**4/4 + 5*k**3/6 + 15*k**2. Calculate a(-4).
-3
Let c(j) = j**2 - 12*j - 26. Let r be c(14). Let u(k) = 4*k**2 - 2. Calculate u(r).
14
Suppose -6*x + x + 10 = 0. Let a(s) = -1 - 4 + 0*s**2 - 2*s + 4*s**2 - 3*s**x. Determine a(5).
10
Let w(v) = 4*v + 3. Let t(z) = -5*z - 2. Let p(b) = 2*t(b) + 3*w(b). Suppose 3 - 10 = a. Let x = 3 + a. What is p(x)?
-3
Let y = 5 + 1. Let x(a) = a - 59 + 29 + 31. Determine x(y).
7
Let t(x) = x - 7 - 1 + 8. Determine t(6).
6
Let n(k) = k**3 + k**2 - 5*k - 3. Let v(x) = 5*x**3 + x**2 + 2*x + 1. Let r be v(-1). Let y be r*1 + 6/3. Give n(y).
-6
Let i = 15 - 13. Let f(s) = -s**3 + 4*s**2 - 2*s - 1. Calculate f(i).
3
Let s(d) = -d**3 - 6*d**2 - 5*d + 2. Let n(x) = x**2 + 9*x + 15. Let w be n(-5). Determine s(w).
2
Let u(s) be the third derivative of -s**4/24 + s**3/2 + 22*s**2. Determine u(7).
-4
Let c = -134 - -138. Let x(y) = -y + 10. Give x(c).
6
Let v = 1 + 2. Let p be 4/6 + 40/12. Suppose -v*f = -2*m - 6*f + 15, m + p*f = 20. Let z(l) = l**3 - l**2 - l + 9. Calculate z(m).
9
Let c(f) = f**2 + 5*f + 2. Let w(t) be the second derivative of t**4/12 - t**3 + 3*t**2/2 + 2*t. Let d be w(5). Let m be 4/(-2) + (-4 - d). Give c(m).
-2
Let f = 32 + -28. Let l(t) = -t**2 + 2*t. Determine l(f).
-8
Suppose 3*h - 3 = -2*i - 2, -4*h = i - 8. Let o(v) = v**2 + 3 + v + v - 